(-1). Let o be 5/((p + -3)/1). Suppose -o*r = -2*r - 243. What is the units digit of r?
1
Let a(n) = -223*n - 173. What is the tens digit of a(-15)?
7
Suppose 21887 = 7*w - 116167. Suppose 33*o - w = 14*o. What is the tens digit of o?
3
Let f = 178 - 176. Suppose z - 3*k = 246, -f*z + 2*k + 198 + 314 = 0. What is the tens digit of z?
6
Let i(k) = -k**3 - k**2 - k - 1. Let q be i(-1). Let j be (q + 1 + -1)/2. Suppose 3*m + 4*s = 226, j*s - 78 = -m - 2*s. What is the tens digit of m?
7
Suppose 0 = 16*j + 23 - 7. Let n(d) = d**3 - 4*d**2 - 5*d - 4. Let q be n(5). What is the units digit of 5/(j*q/12)?
5
Let g(v) = v**2 + 10*v - 1. Let j be g(-9). Let x be (-56)/(-40) + 4/j. Let s(i) = 96*i + 3. What is the units digit of s(x)?
9
Let f = -3 + -42. Let b = f - -37. Let p(d) = -11*d - 43. What is the units digit of p(b)?
5
Let c be 361/7 - 36/(-84). Suppose 8*u - c = -20. Let k(q) = 2*q**3 - 4*q**2 - q + 7. What is the tens digit of k(u)?
6
Let t(j) = -j**2 - 22*j - 53. Let w be t(-19). Suppose 4*h = w*r + 1544, 0 = 2*h - h - 2*r - 383. What is the hundreds digit of h?
3
Let b(o) = -o**3 - 14*o**2 + 86*o + 141. What is the hundreds digit of b(-29)?
2
Suppose -9*b - 12 = -13*b. Let u be (-48)/(-2) + 6/b. Suppose 2*r = -i + u, -i = -4*r + 34 + 30. What is the tens digit of r?
1
Let w be -2 + (-26)/(-10) + (-189)/(-35). Suppose w*v - 964 - 554 = 0. What is the hundreds digit of v?
2
Suppose -6*x - x = -49. Suppose -5*w + 5*k = -1040, 410 = 2*w - x*k + 2*k. What is the hundreds digit of w?
2
Suppose -5*t + 667 = b - 526, 5*b - 4*t = 5907. What is the units digit of b?
3
Suppose 3 = m, 59 = -0*g + 4*g + 5*m. Suppose 9*z = -g*z + 1180. Suppose 62*s - z*s = 804. What is the tens digit of s?
6
Let a(s) = 12 - 7*s + 12*s - 12*s - 3*s**2 + 0*s**2 + s**3. Let d be a(4). Suppose 5*z + d = -y + 553, -5*z + 3*y = -561. What is the tens digit of z?
1
Let t = 49991 - 29498. What is the thousands digit of t?
0
Suppose -t = -2*t - 1, 0 = -4*j + t + 1. What is the hundreds digit of ((-5)/(-5 + j) - -45)*4?
1
Let k(m) = -2*m**2 + 25*m - 10. Let x be k(12). Suppose -x*v = -5 + 3. Let b(j) = 108*j**2 + 5*j - 4. What is the units digit of b(v)?
9
Let n = -108 + 105. Let a(v) = -7*v**3 - 5*v - 6. What is the units digit of a(n)?
8
Let q(f) = 581*f**2 + 13*f + 11. Let k = 135 - 136. What is the units digit of q(k)?
9
Let f be (3/1 + -2)*(6 + 5). Let t(a) = -a**3 + 11*a**2 + 6*a - 47. What is the units digit of t(f)?
9
Suppose 0 = -2*k + 3*k. Suppose 3*m - 5*m - 10 = k. What is the units digit of (((-2010)/(-24))/m)/((-1)/8)?
4
Let x = -4449 - -6288. What is the thousands digit of x?
1
Let j be 7 - -5 - (-2 + 9). Suppose -j*h + 1593 = -2*h. What is the tens digit of h?
3
What is the tens digit of 7 + (1921380/120 - (0 - (-15)/(-6)))?
2
Let g = -22197 + 47213. What is the ten thousands digit of g?
2
Suppose 3*y + y - 30 = -5*t, 4*y - 4*t = 12. Suppose -3*c + 3*c = -y*c. Suppose -534 = -5*g - c*s - s, -2*g = s - 213. What is the units digit of g?
7
What is the tens digit of -4 + -2 - (2 + (-562 - -10))?
4
Suppose 156 = -791*w + 797*w. Suppose -w*k + 8407 = -1603. What is the units digit of k?
5
Suppose 5*t - 20 = 0, -4*t + 14 = -q - 0. Let f(d) = 4*d**2 + d**2 + 3*d + 123 - 2*d - 2*d**q. What is the units digit of f(0)?
3
Let g(k) = k**2 + 7*k - 15. Let y be g(-9). Suppose -5*r + 3*r = y*x - 341, 5*x - 3*r = 543. Let o = 197 - x. What is the tens digit of o?
8
What is the tens digit of 0 + (-18)/135 - (-167044)/30?
6
Let w = -88 + 276. Let n = -16 - -107. Let p = w - n. What is the units digit of p?
7
Let g(b) = 19 + 4*b - 20*b - 110 + 10*b. What is the hundreds digit of g(-45)?
1
Suppose -178*n + 1783869 + 488587 = -1024104. What is the thousands digit of n?
8
Suppose 2*m - 40*q + 48*q - 13464 = 0, -4*q = -4*m + 26808. What is the hundreds digit of m?
7
Suppose -2*v + 101 - 119 = 0. What is the tens digit of (-4)/6 + (-87)/v*61?
8
Suppose 49*a = 13*a + 19728. What is the hundreds digit of a?
5
Suppose -56 = -5*z - 6. Suppose 2*r - 2*p = 12, 2*r - 4*p = z + 6. What is the units digit of 4410/36*r/5?
8
Let j(d) = 21*d - 25. Suppose 2*g - 3*t = 35, 0 = -4*g - 0*t + 3*t + 55. Let k(p) = -p**3 + 11*p**2 - 9*p - 3. Let o be k(g). What is the tens digit of j(o)?
2
Let z(f) = -502*f - 376. Let n be z(-1). Let h = -330 - -506. Let i = h - n. What is the tens digit of i?
5
Let o(k) = -3*k**2 - 13*k - 36. Let p(v) = v**2 + 2. Let y(f) = -o(f) + 3*p(f). What is the hundreds digit of y(-8)?
3
Let v(k) = 5*k**3 + 10*k**2 - 10*k + 32. Let s(o) = -4*o**3 - 9*o**2 + 9*o - 30. Let j(u) = 4*s(u) + 3*v(u). What is the units digit of j(-8)?
6
Let o(r) = 0*r**2 - 1 + 24*r**3 + 2*r**3 - r**2 - 3*r**3 + 3*r. Let s = 669 - 667. What is the tens digit of o(s)?
8
What is the tens digit of (-1)/(-5) - (990735/(-75) - 6)?
1
Let g(h) = -h**3 + 7*h**2 + 5. Let f be g(6). Let x = -7 + 9. Suppose -x*o + f - 7 = 0. What is the tens digit of o?
1
Let t(k) = -36*k**2 - 14*k - 35. Let w be t(-3). Let j = w + 449. What is the hundreds digit of j?
1
What is the thousands digit of (-3474)/(-2 - (-72)/27)*1*-13?
7
Let y = -3362 + 5887. What is the thousands digit of y?
2
What is the hundreds digit of (10/6 - 1)/(290/8070990)?
5
Let v(b) = -11*b - 24. Suppose 7*y = 31 + 4. Suppose -2*o + 1 + y = -g, g - 5*o + 9 = 0. What is the tens digit of v(g)?
2
Let u be ((-9)/6)/((-2)/(-14844)*-9). Let n = 1766 - u. What is the tens digit of n?
2
Let i(k) = -k + 27. Let c(g) = -14*g + 9. Let w be c(2). Let q be i(w). Suppose j = q - 8. What is the units digit of j?
8
Let a(n) = n**3 + 8*n**2 + 6*n + 39. Let q be a(-8). What is the units digit of (-8562)/q + -1 + (-25)/(-15)?
2
Let c(w) be the second derivative of 19*w**5/20 + w**4/6 + w**3/2 - 7*w**2/2 + 2*w. Let r(n) be the first derivative of c(n). What is the units digit of r(-1)?
6
Let x be (-14 + 1)*(1 + 0). Let w = 1351 + -1350. What is the tens digit of (2 - 2 - x)/w?
1
Let u(p) = p**2 - 5*p - 31. Let t be u(9). Let f be (95/(-25) + t)/((-2)/(-75)). What is the tens digit of 18/f + (-373)/(-5)?
7
Let d(u) = 7*u**3 - 10*u**2 + 5*u + 14. What is the tens digit of d(6)?
9
Let b(f) = -13*f**3 - 5*f**2 - 18*f - 11. Let r(g) = -13*g**3 - 6*g**2 - 19*g - 11. Let x(v) = -6*b(v) + 5*r(v). What is the hundreds digit of x(4)?
8
Let k = 24 - 26. Let r(m) = -m**3 - 3*m**2 - 4*m - 7. Let a be r(k). What is the units digit of 0 - (-1488)/10 - a/15?
9
Suppose -3*k = -19 - 17. Suppose s = 2*v + 3, -v + 4*s - k = -0*v. Suppose 4*d = -v*d + 328. What is the tens digit of d?
8
Suppose 5*o - 2370 = -3*t + 26285, 2*t - 131754 = -23*o. What is the units digit of o?
8
Let s(r) = r**2 + 3*r - 14. Let v(a) = a**2 - 16*a + 9. Let w(l) = 16*l**2 - 1. Let c be w(-1). Let y be v(c). What is the units digit of s(y)?
4
Suppose 20*d - 21*d = -1. Suppose -4*o + 13 = d. Suppose 5*l - 23 = -2*q, 2*l + 25 = -o*l. What is the tens digit of q?
2
Let j(y) = -7*y**3 + 11*y**2 - 13*y - 51. What is the units digit of j(-10)?
9
Let x be (11 - -1)/((-3)/(-1)). Suppose -5*b - 130 = -x*m - 17, -b = -5*m + 136. What is the units digit of m?
7
Let y = -19781 + 32915. What is the units digit of y?
4
Let y = -13 + 13. Suppose -40*q + 45*q - 2040 = y. What is the hundreds digit of q?
4
Suppose 0 = -302*g + 298*g + 28, 0 = -2*k - 5*g + 91565. What is the hundreds digit of k?
7
Suppose 2*h - 801 = 4739. What is the hundreds digit of h?
7
Let u = -951 + 269. What is the hundreds digit of (-9924)/(-22) + 62/u?
4
What is the ten thousands digit of 127/(14*(-3)/(-3738))?
1
Let r = 18627 + -3197. What is the hundreds digit of (-12)/26 + r/26?
5
Let t(o) = -5*o. Let u(j) = -43*j + 408. Let i(z) = -2*t(z) + u(z). What is the hundreds digit of i(-33)?
4
Suppose -3*j + 169 = 898. Let b = -117 - j. What is the hundreds digit of b?
1
What is the tens digit of (-212)/((-15)/(-60)*(-5)/55)?
2
Let l(j) = j + 11. Let x be l(-29). Let b be (-1 + 6/(-9))*3. What is the units digit of (-4)/6 - 66/x - b?
8
Suppose -78 = 3*l - 3*a, 43 = -2*l - 2*a + 7. Let x = l + 0. Let t = 30 + x. What is the units digit of t?
8
Suppose -248*f = 13064335 - 36803143. What is the units digit of f?
1
Suppose -4*t - 5712 + 54816 = 2*v, v = 2*t + 24524. What is the tens digit of v?
3
Let v be 2/(-10) - 1007118/(-90). What is the hundreds digit of 3 + (-32)/27